*4/(-6). What is d(h)?
-13
Let b(p) = -5 + 2*p + 6 + 0. What is b(1)?
3
Let z(u) = -u**2 + 4*u - 3. Suppose -r + 57 = 2*r. Suppose -5*k = -30 - 0. Suppose k = 5*w - r. Calculate z(w).
-8
Let b be 20/3*6/(-5). Let d = -13 - b. Let o(x) = -x**3 - 6*x**2 - 8*x - 7. Give o(d).
8
Let q(h) = -h. Let a = 10 + -14. What is q(a)?
4
Let b be (-18)/(-10) - (-1)/5. Let m(x) = x**3 + x**2 + 1. Let t be m(b). Suppose 4*o + t = 4*i + i, -11 = 3*o - 5*i. Let g(r) = r**2 - r - 1. Determine g(o).
5
Let a(d) be the first derivative of d**4/4 - d**3/3 - d**2/2 - 6*d + 15. Let k = 2 - 2. Determine a(k).
-6
Let b(p) = -2 + 0 + 1 + p. Let u(i) = i**2 + 10*i + 1. Let x be u(-10). Let c(f) = -5*f - 4. Let q(z) = x*c(z) + 4*b(z). Determine q(-5).
-3
Let w(z) = -z**2 + 13*z + 9. Let h be w(13). Let p(q) = q**2 - 6*q + 1. Let k(l) = 4*l**2 - 24*l + 3. Let o(y) = h*p(y) - 2*k(y). Calculate o(5).
-2
Let w be 4/(-18) + (-129)/27. Let v(m) = -m**2 - 7*m - 2. Give v(w).
8
Let u = -1 - 7. Let j be (-2)/u + (-209)/(-44). Let z(q) = -q + 8. What is z(j)?
3
Suppose -11*f + 30 = 85. Suppose -i = -2*l + 3, -l - 8*i + 18 = -3*i. Let s(d) = l*d - 4*d - 3 + 4. What is s(f)?
6
Let o(v) = -v**2 - 6*v - 3. Suppose 2*i + 8 = z, 0*z + 2*z - 5*i - 18 = 0. Let s = -6 + z. What is o(s)?
5
Let m(y) be the third derivative of -2*y**2 + 0*y**4 + 0*y + 0 - 1/60*y**5 - 1/3*y**3. Suppose 4 = 3*k + 4. Determine m(k).
-2
Suppose -7 = -l - 2. Let j(n) = -n**2 - n + 1 + l*n + 2*n. Let k be (10/(-6))/(2/(-6)). What is j(k)?
6
Let w = 2 - -5. Let g(s) = 5*s - w - 12*s + 6*s. Give g(-5).
-2
Let j = -6 - -2. Let h(a) be the third derivative of a**6/120 + a**5/20 - a**4/6 - a**2. Calculate h(j).
0
Let s(y) = 31*y**3 + y**2 - 33*y**3 + y - 2*y**2 + 3*y**2. Let c(w) = w**3 + w**2 + 2. Let q be c(0). Determine s(q).
-6
Let y(s) be the second derivative of 0 - s**3 + s + 1/12*s**4 + s**2. Suppose -30 = -4*j - j. What is y(j)?
2
Let g = -6 - -3. Let d = g + -2. Let r(c) = -c**3 - 5*c**2 + c + 5. Calculate r(d).
0
Let i(v) = 24*v + 18. Let o(f) = -f**2 - 71*f - 53. Let q(r) = -8*i(r) - 3*o(r). Let c(k) = k**2 + 7*k + 5. Let y(l) = -7*c(l) + 2*q(l). Determine y(-4).
7
Suppose -4*y + 20 = -8. Suppose 3 = -2*w + y. Let g(i) = -i**2 - w + 12 + 0*i**2. Calculate g(0).
10
Let k(u) = 13*u + 1 - 13*u - u**2. Suppose 0 = 2*n - 7 - 1. Suppose -5 = z + i, 15 - n = -z - 3*i. Calculate k(z).
-3
Let u(m) = 2*m**3 + m**2 + m. Suppose 3*n - 6*n = 3. Determine u(n).
-2
Let c(n) = -n - 5. Let x(u) = 2*u + 9. Let w(k) = 5*c(k) + 3*x(k). Calculate w(5).
7
Let y(l) = -l - 12*l**2 + 8*l**2 - l**3 - 1 + 0*l. Let c be (-3)/(-3)*(-5 + 1). What is y(c)?
3
Let w(o) = -1 - 2 - 6*o + 4*o + 2. Calculate w(3).
-7
Let p = -4 - -5. Let b(y) = 7*y**2 - y + 1. What is b(p)?
7
Let o(w) = 2*w - 6. Suppose -3*i + 4*c = -31, 5*i - 3*c - 37 = -0*c. Give o(i).
4
Let t(w) be the third derivative of -w**9/4320 - w**8/20160 + w**7/5040 - w**5/30 + 2*w**2. Let a(q) be the third derivative of t(q). Determine a(1).
-14
Let s(c) = -10*c**2 - 11*c - 18. Let j(r) = -7*r**2 - 7*r - 12. Let z(v) = -7*j(v) + 5*s(v). Let t be ((-4)/3)/(8/(-12)). Suppose -15 = p + t*p. What is z(p)?
-1
Let j(a) = a + 10. Let s be j(-5). Let v(y) = -y. Determine v(s).
-5
Let w(s) = 8*s**2 + 4*s + 4. Let j(i) = -7*i**2 - 3*i - 3. Let u = 17 - 24. Let h(o) = u*j(o) - 6*w(o). What is h(4)?
1
Let k(l) = -4*l**2 + 2*l - 2. Suppose -9*r - 2 = -10*r. What is k(r)?
-14
Let s(n) = 2*n - 9. Suppose 0 = 5*v - 5*i - 11 - 14, 2*i - 32 = -5*v. Calculate s(v).
3
Let t(z) = z**3 - 5*z**2 - 4*z - 2. Suppose 4*l - 20 = -4*d, 5*d = -4*l - 0*d + 20. Suppose l*j = 25 + 5. Determine t(j).
10
Let r(z) = -2*z**3 - 6*z**2 + 3*z + 6. Let p be r(-3). Let b be ((-2)/1)/2 - -8. Let m(t) = 0 + b - 3 + 2*t. Give m(p).
-2
Let y(a) = -4*a**2 - 2*a + 1. Let l be 0 + 1 - (-4 - -1). Suppose -2*t - 2 = -l. What is y(t)?
-5
Let x = 26 + -26. Suppose 4*v - 3*v = x. Let w(t) = -t**2 + t + 2. Determine w(v).
2
Let b = 75 - 71. Let l(o) = o**2 - o - 4. What is l(b)?
8
Let i(u) = -5*u**3 + 11*u**2 + 4*u + 1. Let c(p) = -p**3 + p**2 + p. Let s(y) = 4*c(y) - i(y). Determine s(7).
-1
Let y(q) = q**2 + 4*q + 2. Suppose 13*v - 4*v + 27 = 0. What is y(v)?
-1
Let s = 4 + -21. Let t = 15 + s. Let c(y) = -y**2 - 2*y + 1. What is c(t)?
1
Let n(p) = 4*p - 1. Suppose 4*b + 15 = 3. Let r be 0/((-1)/((-1)/2)). Let c = r + b. Determine n(c).
-13
Suppose 3*s = 3*r, -s + 0*r = 2*r - 6. Suppose -7 = -s*a + 7. Let q = 5 - a. Let i(l) = -3*l - 3. Give i(q).
3
Suppose -4*m - 12 = -3*x, x + 3 - 7 = -m. Let y be (-3)/9*0 - x. Let v(z) be the first derivative of -z**3/3 - 2*z**2 + 2*z - 1. What is v(y)?
2
Let a(m) be the first derivative of m**3/3 + 4*m**2 - 7*m + 8. Let d be a(-8). Let j(l) = -l**3 - 8*l**2 - 7*l - 4. Calculate j(d).
-4
Let z = 18 - 14. Let q(u) = -4*u + 0 - z + 5*u + 3. Suppose -k = -r + 6, -2*r - 3 = 2*k - r. Give q(k).
-4
Let k(v) = 4*v**3 - v**2 + 5*v - 1. Let y(b) = 13*b - 20*b + 8*b. Suppose 2*s = t - 8, -3*s + 4*t = t + 15. Let m(h) = s*y(h) + k(h). Calculate m(1).
4
Let v(i) = -i**3 + 4*i**2. Let q be v(4). Let z(x) = x**3 + x**2 - x - 10. Determine z(q).
-10
Let n = -48 - -53. Let r(m) be the third derivative of 0*m + 7/24*m**4 - 1/60*m**n - 2/3*m**3 - 3*m**2 + 0. Give r(6).
2
Suppose -12*p - 11*p = -11*p. Let o(q) be the third derivative of -q**4/24 + 4*q**3/3 + q**2. What is o(p)?
8
Let k be 2/8 + (-3)/12. Suppose 0 = -4*x - k*x + 4. Let w(u) = -x - 2*u - 2 + 1. Determine w(2).
-6
Let r = 26 + -26. Let j be (-1)/(1/(-4)*2). Let y(b) = 5*b**2 + 0*b**2 - j - 4*b**2 - b**3. Give y(r).
-2
Let m(j) = 2*j**2 + 2*j - 2. Suppose 1 = -12*x + 13*x. Suppose -o = -q + 7, -5*o + 4*q = x + 30. Determine m(o).
10
Let b(x) = x**2 - 5*x + 7. Let j be b(4). Let q(d) = d**2 - d + 4. Give q(j).
10
Let l(c) = c - 1. Suppose -5*r - 8 = 2. What is l(r)?
-3
Let r(j) = -j**2 + 5*j. Let t be 10/55 + (-119)/(-11). Let p(d) = d**3 - 12*d**2 + 12*d - 5. Let l be p(t). Determine r(l).
-6
Let j be 2*(0 - (-1)/(-2)). Let m(r) = -r - 6. Let t(c) = -1 + 0 + 2. Let v(b) = j*m(b) - 2*t(b). Determine v(0).
4
Suppose 4 = -0*q - 4*q, -3*q - 12 = -3*z. Suppose z*y - 15 = -k, y + 0*y = 3*k + 5. Let s(f) = -f**2 + 5*f - 7. What is s(y)?
-7
Suppose -5*o - 5*n - 19 = -49, -5*o + n = -12. Let d(w) = 2*w + 3*w - w**2 + o - 8. Calculate d(5).
-5
Let d(f) = 12*f - 12. Let c(z) = -133*z + 133. Let o(g) = -5*c(g) - 56*d(g). Let u(k) = 15*k - 15. Let y(x) = 13*o(x) + 6*u(x). Determine y(3).
-2
Let n = -6 - -27. Suppose 2*g + n = 3*g. Let k be 4/(-14) + 27/g. Let r(b) = b**3 + 2*b**2 - b. Give r(k).
2
Let y = -113 + 109. Let o(t) = -2*t + 1. Give o(y).
9
Let u be 2/10 - 70/(-25). Suppose -6*r = -3*r - u. Suppose z + r + 3 = 0. Let d(c) = c**3 + 3*c**2 - 6*c - 5. Calculate d(z).
3
Let p(k) = -3*k**3 + 4*k - 3. Let v(o) = 4*o**3 - 5*o + 4. Let l(w) = 3*p(w) + 2*v(w). Suppose 0*n - 3*n = 12. Let d = 6 + n. Calculate l(d).
-5
Suppose 23 + 2 = 5*y. Let q = y + -5. Let x(o) be the first derivative of -o**3/3 - 6*o - 2. Determine x(q).
-6
Let i(t) = t**2 - 9*t + 6. Let p = 19 + -11. Give i(p).
-2
Let s(c) = -12*c**2 + c**3 - 2*c + 6*c + 5 + 6*c**2. What is s(5)?
0
Let z(d) = -d**3 - 1. Let y be z(0). Let f(v) = 9*v + 1. Determine f(y).
-8
Let u be 4/10 + 208/80. Let h(m) = m. Calculate h(u).
3
Let v(w) = w**2 + 3*w - 2. Let x(f) = -3 + 3 - 1 + f. Let n be x(-3). What is v(n)?
2
Let z(n) = -11 + 3*n + n**2 - 10 + 15. What is z(4)?
22
Let u be 153/21 - (-2)/(-7). Suppose -5 = -4*d + u. Let v(o) = o**3 - 4*o**2 + o. Calculate v(d).
-6
Suppose 0 = -0*g + 2*g + 18. Let l(s) be the second derivative of -5*s**4/12 - s**2/2 - 2*s. Let z(j) = -11*j**2 - j - 3. Let o(n) = g*l(n) + 4*z(n). Give o(5).
2
Let r = 0 - 1. Let b(z) = 5*z + 1. Let c(o) = -o - 1. Let i(m) = -b(m) - 2*c(m). Determine i(r).
4
Let q(w) = -3*w**2 + 2*w - 9. Let d(r) = 8*r**2 - 6*r + 26. Let t be -2 + (-1)/1 + -8. Let p(j) = t*q(j) - 4*d(j). What is p(-4)?
3
Suppose 3*k - 5 = 4. Let n(z) = 4 - 6 + 4 - z**k - 3*z**2. Give n(-2).
-2
Let z(v) be the second derivative of -v**4/12 - 5*v**3/6 + 3*v**2 - 4*v. Let q be (-105)/(-14)*(-4)/5. Calculate z(q).
0
Let g(v) = v**2 - 1. Let k(h) = -h**3 - 8*h**2 - 7*h + 1. Let n be k(-7). Let c be g(n). Let i(o) = -o**2 + 4. What is i(c)?
4
Let p(o) = -o**3 + 3*o**2 + 3*o + 2. Let 